2868
Let z(n) = 1078*n + 214721. Calculate z(-199).
199
Let h(w) = 1717*w - 218199. What is h(127)?
-140
Let z(a) = a**3 + 57*a**2 + 352*a - 135. Calculate z(-8).
185
Let a(w) = 356*w**2 + 237*w - 943. What is a(-2)?
7
Let s(x) = -7*x**3 + 34*x**2 - 2411*x + 9547. What is s(4)?
-1
Let h(n) = -367*n + 3330. What is h(9)?
27
Let f(j) = -2*j**2 + 3*j + 164. Calculate f(-10).
-66
Let s(r) = -126*r**3 + 129*r**2 - 767*r + 773. Calculate s(1).
9
Let p(v) = 113*v**2 + 2603*v + 25. Calculate p(-23).
-67
Let n(i) = 316*i - 1349. What is n(4)?
-85
Let c(k) = 131554*k**2 - 394659*k - 2. Give c(3).
7
Let i(r) = 952*r - 8480. What is i(9)?
88
Let m(s) = -755*s**2 + 40705*s + 3507. What is m(54)?
-3
Let b(i) = -642*i**2 + 3787*i + 387. Determine b(6).
-3
Let x(w) = -w**2 - 102*w + 2661. Calculate x(19).
362
Let v(x) = 16091*x - 160742. Calculate v(10).
168
Let w(q) = q**3 + 51*q**2 + 561*q - 31. What is w(-26)?
2283
Let l(c) = -49*c**2 + 93*c + 10. Give l(-2).
-372
Let s(g) = 95632*g + 1243100. Calculate s(-13).
-116
Let f(v) = 14570*v + 1209318. What is f(-83)?
8
Let n(j) = -3*j**3 + 26*j**2 + 172*j - 168. Give n(13).
-129
Let b(j) = -j**2 + 29*j + 1121. Give b(41).
629
Let i(f) = 4*f**2 - 1842*f + 206057. Calculate i(269).
3
Let l(c) = 3*c**3 - 20*c**2 - 798*c + 3322. Give l(4).
2
Let f(c) = -634*c**2 - 3456*c + 1. Give f(-5).
1431
Let w(b) = -b**2 + 601*b + 69726. Determine w(-100).
-374
Let c(i) = 9247*i + 15784631. Determine c(-1707).
2
Let r(a) = 3934*a - 334488. Give r(85).
-98
Let y(a) = 2*a**3 + 2*a**2 - 6*a - 14. Give y(-5).
-184
Let v(m) = -2341*m**2 + 3095*m - 750. Determine v(1).
4
Let d(b) = -3*b**3 - 99*b**2 - 185*b + 16. Give d(-2).
14
Let y(d) = -2967*d + 50626. What is y(17)?
187
Let s(q) = q**2 - 74065*q - 592589. Calculate s(-8).
-5
Let l(u) = -6567*u + 26269. Calculate l(4).
1
Let k(d) = -676*d**2 + 732*d - 728. Determine k(1).
-672
Let m(a) = -8*a**3 + 183*a**2 + 208*a + 206. What is m(24)?
14
Let i(a) = -3*a**2 + 505*a - 2443. Calculate i(5).
7
Let n(z) = 318183*z - 636343. Give n(2).
23
Let o(g) = g**3 + 13*g**2 - 14986*g - 2827. Calculate o(-129).
11
Let g(c) = -3*c**3 + 3*c**2 + 965*c - 12. Give g(-17).
-811
Let t(z) = -2*z**3 + 40*z**2 + 358*z - 5952. Determine t(22).
-12
Let p(x) = -58*x**2 + 800*x + 1610. Calculate p(-2).
-222
Let v(g) = 36266*g - 2574894. Calculate v(71).
-8
Let b(s) = -39*s**2 + 530*s + 1059. Give b(-2).
-157
Let n(o) = -227232*o + 47945964. Give n(211).
12
Let s(c) = -4*c**2 + 6613*c + 66535. Give s(-10).
5
Let a(t) = -4*t**2 + 402*t + 1298. Calculate a(103).
268
Let t(a) = 2*a**2 + 307*a + 4655. Determine t(-17).
14
Let a(f) = -3*f**3 + 787*f**2 + 1326*f - 1418. What is a(264)?
166
Let k(z) = -z**3 - 26*z**2 + 498*z - 76. Calculate k(10).
1304
Let d(o) = 2*o**3 - 297*o**2 + 10793*o - 1266. Determine d(63).
-6
Let z(y) = 11209*y + 3217072. Give z(-287).
89
Let z(u) = 287*u + 1893. What is z(-7)?
-116
Let a(s) = s**3 + 210*s**2 + 96*s + 20197. What is a(-210)?
37
Let m(r) = -r**3 + 55*r**2 + 411*r - 18542. Determine m(56).
1338
Let n(j) = 321922*j - 1931552. Give n(6).
-20
Let d(j) = 2*j**2 - 21267*j + 297308. Determine d(14).
-38
Let y(l) = -167*l**2 + 3101*l + 1365. What is y(19)?
-3
Let x(v) = 1790*v**2 + 21502*v + 292. Determine x(-12).
28
Let o(j) = -257049*j - 771144. Calculate o(-3).
3
Let p(j) = -19*j**2 + 1109*j + 2046. What is p(60)?
186
Let k(o) = -5*o**2 + 42*o - 202. What is k(15)?
-697
Let q(u) = 194*u**2 - 14730*u - 1083. Calculate q(76).
-19
Let j(o) = -o**3 + 40*o**2 - 603*o + 3199. Calculate j(12).
-5
Let v(b) = -1136*b - 43208. Calculate v(-38).
-40
Let q(m) = m**3 + 138*m**2 - 1152*m - 41674. Give q(-144).
-202
Let d(y) = 425*y**2 + 2823*y + 24. What is d(-7)?
1088
Let x(g) = g**3 - 7*g**2 + 80*g + 411. What is x(-16)?
-6757
Let k(r) = 2*r**3 + 45*r**2 + 210*r - 228. Determine k(-15).
-3
Let t(c) = -66*c**2 - 2776*c - 179. What is t(-42)?
-11
Let p(b) = 3*b**3 + 18*b**2 + 1500*b + 10397. Give p(-7).
-250
Let b(h) = 1560*h + 1095. Calculate b(-1).
-465
Let o(n) = -696555*n - 2089669. Calculate o(-3).
-4
Let w(c) = -13*c**2 - 1314*c - 184. Calculate w(-101).
-83
Let x(j) = 2*j**3 - 71*j**2 + 264*j - 1370. What is x(32)?
-90
Let n(p) = -11*p**3 + 185*p**2 + 410*p - 187. Give n(19).
-1061
Let u(k) = k**2 - 54*k + 719. Determine u(8).
351
Let y(l) = 1870*l - 18721. Give y(10).
-21
Let s(c) = 4*c**3 - 108*c**2 - 21*c + 4. What is s(0)?
4
Let h(f) = -f**3 + 70*f**2 - 735*f - 97. Determine h(12).
-565
Let p(n) = -n**3 - 64*n**2 - 357*n - 9784. What is p(-60)?
-2764
Let n(o) = 21*o**2 - 573*o + 691. Calculate n(26).
-11
Let u(o) = 8*o**2 + 77*o + 53. Determine u(-10).
83
Let d(t) = -2*t**3 + 10*t**2 + 93071*t - 465350. Determine d(5).
5
Let q(l) = -l**3 - 366*l**2 - 28*l. Determine q(0).
0
Let m(t) = 766*t - 26963. Calculate m(34).
-919
Let t(r) = r**3 - 11*r**2 + 114*r - 749. Calculate t(8).
-29
Let k(a) = a**3 + 729*a**2 + 1436*a - 13078. Give k(-727).
8
Let n(f) = 9*f**3 - 870*f**2 - 294*f + 292. Calculate n(97).
1
Let g(c) = -1165*c + 3547. Calculate g(3).
52
Let i(s) = 348900*s - 4186806. Calculate i(12).
-6
Let l(r) = 334*r**2 + 246*r + 488. Calculate l(-2).
1332
Let m(y) = -y**3 + 185*y**2 - 588*y + 7735. Give m(182).
91
Let r(b) = -21916*b - 65749. Determine r(-3).
-1
Let k(b) = -b**2 - 835*b + 66206. Calculate k(73).
-78
Let c(s) = -7*s**3 - 103*s**2 - s - 183. Calculate c(-15).
282
Let k(u) = u**2 + 589*u + 86633. Calculate k(-293).
-95
Let t(x) = -x**2 + 2643*x + 729530. Give t(-252).
-10
Let c(a) = 1041*a - 9121. What is c(8)?
-793
Let s(u) = 22539*u + 1014267. Determine s(-45).
12
Let j(m) = -349*m - 5402. What is j(-15)?
-167
Let a(k) = 449*k - 3988. Determine a(10).
502
Let m(h) = h**3 + 46*h**2 + 19*h - 1217. What is m(-45)?
-47
Let s(x) = -12103*x - 291766. What is s(-24)?
-1294
Let i(q) = q**3 + 19*q**2 - 515*q - 173. Calculate i(-34).
-3
Let p(l) = -11*l**2 - 242*l - 495. What is p(-25)?
-1320
Let z(l) = 6*l**3 + 505*l**2 + 2883*l - 143. Calculate z(-78).
91
Let n(v) = -2*v**3 - 327*v**2 + 108*v - 8540. Give n(-164).
644
Let s(o) = o**3 + 75*o**2 - 138*o + 1970. Calculate s(-77).
738
Let z(x) = -x**2 + 538*x - 50745. Give z(416).
7
Let c(k) = 11*k**2 - 204*k + 915. What is c(10)?
-25
Let v(u) = 14978*u - 134819. What is v(9)?
-17
Let i(v) = -5628*v - 343430. What is i(-61)?
-122
Let i(w) = w**3 - 59*w**2 + 49*w + 290. What is i(58)?
-232
Let f(z) = 5*z**2 - 95*z - 582. Give f(28).
678
Let s(i) = -4*i**3 + 15*i**2 - 3*i + 64. Determine s(4).
36
Let d(q) = 17040*q + 494216. Calculate d(-29).
56
Let o(a) = 83*a - 1989. Determine o(31).
584
Let x(j) = -4*j**3 + 780*j**2 - 12*j + 1490. Calculate x(195).
-850
Let p(g) = 17660*g + 1554088. What is p(-88)?
8
Let g(r) = r**3 + 438*r**2 + 9120*r - 13324. Calculate g(-416).
-12
Let j(x) = 741*x + 250. What is j(2)?
1732
Let u(x) = -97*x - 14934. Determine u(-160).
586
Let u(s) = 5868*s + 29462. Determine u(-5).
122
Let k(i) = i**3 + 774*i**2 - 1965*i + 284364. Determine k(-777).
-18
Let d(n) = 22707*n + 1385088. Give d(-61).
-39
Let y(v) = 304*v**2 - 384*v + 656. Give y(2).
1104
Let w(d) = 3*d**2 - 164*d - 18514. Determine w(-55).
-419
Let l(v) = v**3 - 13*v**2 - 16*v - 162. Give l(-6).
-750
Let k(r) = 7703*r + 15563. Calculate k(-2).
157
Let l(j) = 9*j**2 + 464582*j - 929166. What is l(2)?
34
Let x(n) = n**3 - 599*n**2 - 4854*n. Give x(-8).
-16
Let t(b) = b**2 - 4599*b + 186871. What is t(41)?
-7
Let u(z) = -1764*z**2 - 44099*z + 1. Give u(-25).
-24
Let r(v) = -111*v + 7715. Determine r(67).
278
Let d(j) = 3024*j - 226988. Determine d(75).
-188
Let m(p) = 2*p**2 + 5005*p + 158077. Give m(-32).
-35
Let i(x) = -x**2 - 1659*x - 9886. What is i(-6)?
32
Let h(m) = -2724*m - 7136. Determine h(-4).
3760
Let j(z) = 14*z**2 + 58*z + 3050. What is j(0)?
3050
Let g(w) = -59*w**3 - 1110*w**2 + 208*w - 10. Calculate g(-19).
9
Let a(h) = 5*h**2 + 524*h - 789. Determine a(-105).
-684
Let z(a) = a**3 - 18*a**2 + 145*a - 1841. Calculate z(16).
-33
Let q(y) = 7*y**2 + 754*y + 12196. Calculate q(-20).
-84
Let d(k) = -12*k**2 - 8803*k + 3678. Give d(-734).
8
Let f(d) = -15*d**2 - 773*d - 5273. Determine f(-7).
-597
Let h(g) = -2409*g + 92. Determine h(0).
92
Let g(q) = 2*q**3 - 252*q**2 + 25*q - 3130. Calculate g(126).
20
Let b(a) = a**2 - 114*a + 695. Wh